 of 1/(2/6) - (1 + -237)?
9
Suppose 0*j = -3*j - 12. What is the units digit of -2 + 5 + (j - -18)?
7
What is the hundreds digit of (-1)/((-231)/565 + 12/30)?
1
Suppose 5*i - 3*h = 82, 0*i - 5*h = i + 6. Suppose 6 = c - i. What is the units digit of c?
0
Let i = -304 + 566. What is the hundreds digit of i?
2
Let f = -10 - -14. What is the units digit of f?
4
Suppose 0*v + 4*v - 144 = 0. Suppose 0 = 2*c + c - v. Let i = c - 6. What is the units digit of i?
6
Let o(z) = -z**3 + z + 125. What is the tens digit of o(0)?
2
Let f be 4*(-1)/(-4) + 1. Suppose -84 = -3*j + f*t + t, 64 = 2*j + 2*t. What is the tens digit of j?
3
Let l be 4*38/(-24)*-3. Let t = l + -9. What is the tens digit of t?
1
Suppose -2*h - 5*r - 1 = -0, 5*h - 9 = -r. Suppose -h*f + f = 0. Let j(u) = u**2 + u + 9. What is the units digit of j(f)?
9
Let s(y) = 2*y**2 - 9*y. Let a be s(6). What is the tens digit of (12/(-2))/2 + a?
1
Suppose 2*n - 139 - 81 = -5*p, -5*p + n = -235. What is the units digit of p?
6
Let a(v) = -7*v. Let w be a(1). Let j be 2/(-14) + 6/w. Let x = j - -6. What is the units digit of x?
5
Let x(m) = -2*m**3 + 2*m**2 + 2*m + 1. Let s be x(-1). What is the units digit of ((-2)/s)/((-14)/1239)?
9
Let c be (0 - -2)/(-3 - -2). Let a be 1/(-3 - c)*0. Suppose a = s - 7 - 1. What is the units digit of s?
8
Let p = 26 + -39. Let c(w) = -5*w. Let r(o) = -11*o. Let b(a) = p*c(a) + 6*r(a). What is the units digit of b(-3)?
3
Let y = 0 - -8. Suppose -4*b + y*b - 4 = -2*a, -b + 1 = a. Suppose -2*u + 21 - 3 = a. What is the units digit of u?
9
Suppose 2*q + 4*v - 6 = -0*q, 2*q = v + 31. Let m = 46 - q. What is the tens digit of m?
3
Let u(i) = 2*i - 5. Let l be (-3 + (-13)/(-3))*3. What is the units digit of u(l)?
3
Let h = 5 + -4. Let c be (-1 - -1) + h - -2. Suppose 6*j - 18 = c*j. What is the units digit of j?
6
Suppose 2*n = -4*d + 38, 0*n + 3*d = -3*n + 60. Let c = 14 - 14. Suppose -n = -h - c*h. What is the units digit of h?
1
Suppose -3*f = 2*f - 2*k + 199, -2*f + 3*k = 73. Let q = f + 57. What is the units digit of q?
6
Suppose -4*p - p + 70 = 3*b, 5*b = 25. What is the tens digit of p?
1
Let t(h) = 3*h - 9. Let s(x) = 2*x - 5. Let w(l) = -7*s(l) + 4*t(l). What is the tens digit of w(-8)?
1
Suppose 10 + 12 = t. What is the tens digit of t?
2
Suppose -3*i + 162 = 3*w, 2*w + 4*i = 62 + 42. What is the tens digit of w?
5
Let i(b) = 3*b - 3*b - 4*b + 3*b + 1. What is the tens digit of i(-9)?
1
Let z be (-1 - -1 - -1)*-8. Let a = z - -22. What is the units digit of a?
4
Let h(j) = j**3 - 14*j**2 + 4*j + 15. What is the units digit of h(14)?
1
Suppose 4*w + 4 = -4*s, -3*w + 2*w - 5*s - 21 = 0. Suppose -h = -46 - 44. Suppose w*r = -r + h. What is the tens digit of r?
1
Let w(n) = n**3 + 4*n**2 - 8*n - 6. Let m be w(-5). Suppose 0 = 2*u - 3*l - m - 9, 0 = 2*u + 4*l - 4. What is the units digit of u?
6
Suppose 3*p - 8*p + 400 = 0. What is the tens digit of p?
8
Let j(y) = y**3 + 9*y**2 + y - 5. Let u be 2 + 0 + 2*-5. What is the units digit of j(u)?
1
Let y = 47 + -16. What is the units digit of y?
1
Suppose -2*x + 3 + 3 = 0. Let w(a) = -4*a**2 - 78 + 5*a + 76 + 3*a**2. What is the units digit of w(x)?
4
Let o = -290 + 587. What is the hundreds digit of o?
2
Let m be (2/3)/(2/(-3)). Let j be -2*1/m*2. Suppose -6*c + 2*c - j*w + 32 = 0, -w - 14 = -c. What is the units digit of c?
1
Let p be (1/2)/(3/24). Suppose p*z = 9*z - 45. What is the units digit of z?
9
Let i be 33/12 - (-1)/4. Suppose -i*v = v - 8. What is the units digit of v?
2
Let l = 3 - 4. Let k(z) = -4*z. Let t be k(l). What is the units digit of 8/(-3)*(-6)/t?
4
Let d(f) = f**2 - 5*f + 7. Let l be (7 + -5)*(-25)/(-2). Suppose 8*z = 3*z + l. What is the units digit of d(z)?
7
What is the units digit of (2*(-1)/2)/((-2)/550)?
5
Let c(p) = 5*p**2 + 4*p - 64. What is the hundreds digit of c(-10)?
3
Suppose -2*w + 18 = -2*i, 0 = -i - 0 + 3. What is the tens digit of w?
1
Suppose -5*k = -278 + 8. What is the tens digit of k?
5
Let q = -20 + 42. Suppose -2*h + 5*h + 6 = 0, -4*m + 18 = 3*h. Suppose -4*z + m = -q. What is the units digit of z?
7
Suppose 3*a + 194 = n + 8, 0 = -2*a + n - 123. Let u = a - -110. What is the units digit of u?
7
Let j = 2 + 2. Suppose 3*i - 4 = 2*w + 15, -j*i - 5*w + 33 = 0. What is the units digit of i?
7
Suppose 2*c = -2*c + 36. What is the units digit of c?
9
Let x be 1146/11 - 22/121. Suppose 5*f + 4*t - x = 0, 85 = -f + 5*f + 5*t. What is the tens digit of f?
2
Let k(x) be the third derivative of -x**5/60 + x**4/24 + 5*x**3/2 + 2*x**2. What is the tens digit of k(0)?
1
Let n be 0 - (0/3)/(-1). Suppose 4*c - 22 - 50 = n. What is the units digit of (4/(-6) + 1)*c?
6
Let x(z) be the first derivative of 3*z**2/2 - 3. What is the units digit of x(2)?
6
Suppose 0 = z - 3*z + 8. Let u(b) = b**3 - b**2 - 6*b + 6. What is the tens digit of u(z)?
3
Let x = 0 - 6. What is the units digit of (-32)/x - 10/(-15)?
6
Let i be (0 + 0)/(6 - 4). Suppose i = y + 4*y - 15, -3*y = -4*s + 3. What is the units digit of s?
3
Let s(v) = v**2 + 2*v - 1. Let p be -2 + 0/(-2) + -1. Let w be s(p). Suppose 0 = 3*x - w*x - 3. What is the units digit of x?
3
Suppose 4*o - 5 = 3*o. Suppose 0 = -3*b + o + 10. Suppose 0*r = -b*r + 65. What is the units digit of r?
3
Suppose 2*c = -6*c + 560. What is the units digit of c?
0
Let n = -29 + -5. Let c = -21 - n. What is the units digit of c?
3
Let j be 2/7 + (-780)/(-14). Let i = j - 30. Suppose -4*s + i + 14 = -3*a, -5*s + 47 = -3*a. What is the units digit of s?
7
Let w(k) be the second derivative of 0 + k + 1/2*k**4 + 9/2*k**2 - 4/3*k**3 + 1/20*k**5. What is the units digit of w(-7)?
6
Suppose 0 = -2*j + 19 - 49. Let v = 28 + j. What is the units digit of v?
3
Let q be ((-7)/14)/((-1)/(-12)). Let c(k) = -4*k**3 - 8*k**2 + 8*k + 4. Let p(j) = j**3 + j**2 - j. Let h(u) = c(u) + 3*p(u). What is the units digit of h(q)?
0
What is the tens digit of 1 + -1 - (-16 + -1)?
1
Suppose 0 = 2*m - 3*a - 0*a - 44, -2*a = -4*m + 96. What is the tens digit of m?
2
Suppose 9*i = 10*i - 106. What is the hundreds digit of i?
1
Suppose 4*w - 46 = -3*q, -2*q + 2*w + 42 = -w. What is the units digit of q?
8
Let c(h) = h - 3. Let p be c(6). Let l = p + -1. What is the units digit of l?
2
Suppose -a + 21 = -2*a - 5*q, -11 = -5*a + 4*q. Let r be (-19)/(-3 - a - -3). Let i = r - -35. What is the tens digit of i?
1
Let o be (-2)/(-4) - (-5)/2. What is the tens digit of (o/1)/((-5)/(-75))?
4
Let l(a) = -a**2 + 6*a - 6. Let r be l(5). Let b = 8 - 8. Let m = b - r. What is the units digit of m?
1
Suppose 15 = -b - 0*b. Let s = b - -30. What is the units digit of 47/5 - 6/s?
9
Suppose 3*u - 260 = -2*q, 5*u - 4*q + 62 = 488. What is the tens digit of u?
8
Let v(m) = -m**3 + 4*m**2 - 4*m + 3. Let d be v(2). Suppose -5*y + 5 = 20, 0 = 5*b + d*y - 61. What is the tens digit of b?
1
Suppose 0*k + 19 = 2*k - 3*c, -2*k - 4*c = 2. Let b be 13/5 + 2/k. Suppose -5*n - 3*f = -56, -2*f - 41 = -2*n + b*f. What is the units digit of n?
3
Suppose 3 = 5*i - 3*w - 12, 0 = -2*w. Suppose 0 = x + 4*n - 23, -3*x - i*n + 19 = -14. Suppose -4*d + 13 = -x. What is the units digit of d?
5
Let g be 2/(-7) - (-116)/14. Let c = -3 + g. Suppose c = 4*t + 1. What is the units digit of t?
1
Let i be 13/(-2) + (-1)/(-2). Let b(a) be the third derivative of -a**5/60 - 7*a**4/24 - a**3/6 + 15*a**2. What is the units digit of b(i)?
5
Let w(g) = -3*g**3 + 2*g**3 - 5*g**2 - 1 + 0*g**2 - 5*g. What is the units digit of w(-4)?
3
Suppose -3*g = -b - 4*b + 9, -7 = -b - 2*g. Suppose 55 = b*s + 1. What is the units digit of s?
8
Suppose -2*j - 5*j + 329 = 0. What is the units digit of j?
7
Let i = -9 - -74. What is the units digit of i?
5
Suppose -3*o - 3 = -12. Suppose 6 = o*g - 9. What is the units digit of g?
5
Suppose 3*a - 25 = 4*r, 0*r = -3*r - 3*a - 45. What is the units digit of r/45 - 11/(-9)?
1
Let q(w) = 3*w. Let j be q(-1). What is the units digit of (11/3 + j)*18?
2
Let m(w) = w + 2. Let p be 10*1*(-3)/(-3). Let n be p/(-3 + (-1 - -5)). What is the units digit of m(n)?
2
Let z(v) = 16*v. Let d be z(3). Let o = d + -11. What is the tens digit of o?
3
Let m = -246 - -423. What is the units digit of m?
7
Suppose 4*a = -2*o - o - 22, -2*o = -a. Let j = 7 + a. Suppose -14 = w - j*w. What is the units digit of w?
7
Let z(l) = l**2 - 8